 is the tens digit of l?
1
Let p(c) = c**3 + c**2 + 18. Suppose -3*l = -2*l. What is the units digit of p(l)?
8
Let m = -465 - -784. What is the hundreds digit of m?
3
Suppose -s + 16 = 5. Let o = s + 38. What is the tens digit of o?
4
Suppose -4*a = -0*f - 4*f - 8, 0 = 5*a - 25. Suppose 0*w = f*w - 3. What is the units digit of (w - 2)*(1 - 8)?
7
Let q(p) = -p**3 + 9*p**2 + 13*p - 4. Let j = -9 + 19. What is the tens digit of q(j)?
2
Suppose 62 = 2*y - 70. What is the units digit of y?
6
Let x(l) = l**3 + 22*l**2 + 17*l + 55. What is the units digit of x(-21)?
9
Let m(a) = -a**3 + 9*a**2 - 7*a + 9. What is the units digit of m(7)?
8
Let x be 8/(-2) + 28 + -3. Let l(u) = -2*u - 4. Let z be l(-3). Suppose -z*b - b = -x. What is the units digit of b?
7
Suppose s = -3*s. Suppose -l = -0*l - 1. What is the units digit of 5 - (s/(-1) - l)?
6
Let d be (4/(-6))/(6/(-27)). Suppose 4*f = -2*c + 74, -51 = -4*f - d*c + 20. What is the units digit of f?
0
Let z be 2/(-4 + 3) - -8. Let g(o) = -o**3 + 6*o**2 + 4. What is the units digit of g(z)?
4
Let n be (-4)/(-18) - 204/(-54). Suppose n*o = o + 24. What is the units digit of o?
8
Let m = 88 + -27. What is the units digit of m?
1
Let i(x) be the third derivative of -3*x**2 + 0*x + 0 + 1/24*x**4 + 0*x**3. What is the units digit of i(4)?
4
Suppose -5*c - 77 - 28 = 0. Let v = -9 - c. Suppose -2*k + 32 = v. What is the units digit of k?
0
Let i(l) = -11*l + 23. What is the units digit of i(0)?
3
Let w(m) = m**2 + 4*m - 1. Let j be w(-5). Suppose q + j*q - 40 = 0. Suppose -4*p + q = -4*o, -3*p + 5*p = -4*o + 22. What is the units digit of p?
5
Let h(d) = -d**2 - 13*d - 9. What is the units digit of h(-8)?
1
Let w(c) = 194*c**2 - 2*c. What is the hundreds digit of w(1)?
1
Let m(w) be the first derivative of w**4/24 - w**3 + 3*w**2/2 - 3. Let k(j) be the second derivative of m(j). What is the units digit of k(9)?
3
Suppose 0 = 3*j - 42 - 60. What is the tens digit of j?
3
What is the units digit of 0 - -12 - 2*(-3)/2?
5
Suppose 2*f - 10 = 2*r - 3*r, -3*r + 5*f - 3 = 0. Let g(h) = 3*h - 6. Let w be g(r). What is the units digit of 1*-27*(-4)/w?
8
Let y = 14 - 35. Let f = -12 - y. What is the units digit of f?
9
Suppose 4*n - 18 = 5*b + n, 2*b - n + 7 = 0. Suppose -g + 2*l - 2 = -3*g, 2*g + 7 = -5*l. Let u = b + g. What is the units digit of u?
1
Suppose 2*n + v - 43 = 0, 3*n + 3*v - 64 = v. Suppose -4*r + 18 = -0*r + 2*g, 3*g = -5*r + n. Suppose -3*l + r = -4. What is the units digit of l?
3
Let d(s) = s**3 + s**2 - s. Let i(r) = -r**3 - 8*r**2 - 3*r - 7. Let o(t) = 2*d(t) + i(t). Let k(z) = -3*z + 1. Let w be k(-2). What is the units digit of o(w)?
7
Suppose 6*v - v = 0. Let l = 11 + -5. Suppose -4*o = 8, v = -3*f - 4*o + l + 10. What is the units digit of f?
8
Suppose 0 = -b - q + 8 + 6, -5*b - 2*q = -55. Suppose -5*u - b = 3*m, -5*u - 2*m - 23 = -6*m. Let z = u + 7. What is the units digit of z?
4
Suppose 5*j = -4*g + 44, -g = 4*j - 21 - 23. What is the tens digit of j?
1
Let p(w) = 8*w. Let m = -5 - -3. Let u be p(m). What is the tens digit of 75/10*u/(-10)?
1
Let d(g) = -g**2 - 20*g + 21. What is the units digit of d(-16)?
5
Suppose 17 + 38 = -5*k. Let s(m) = -m**3 - 10*m**2 + 8*m - 14. What is the tens digit of s(k)?
1
Suppose t = 6*t - 2*a - 150, -a = -2*t + 59. What is the tens digit of t?
3
Suppose 0 = o - 3*w + 8, 3*o = -0*w - 4*w - 37. Let c = -5 - o. What is the units digit of c?
6
Let h(d) = -59*d + 3. What is the tens digit of h(-2)?
2
Let q(r) = -r**3 - r**2 + 6*r + 4. What is the units digit of q(-3)?
4
Let k(j) = -j**2 + 8*j - 5. Let r be k(7). Suppose -r*u = -0 - 8. What is the units digit of u?
4
Suppose -3*x + 3*n + 27 = 0, -5*x + n + 2*n = -55. Let i be (24/x)/(8/140). What is the units digit of 6/(-4)*i/(-3)?
5
Suppose 0*c + 2*c - 5*y - 77 = 0, 3*c - 147 = -3*y. What is the units digit of c?
6
Let q be 4/(-18) + 2/9. Suppose i = 2*y - 4, q = -y - 5*i + 14 + 10. What is the units digit of y?
4
Let i(g) = -g - 3. Let k be i(-4). What is the units digit of ((-2)/k)/((-8)/4)?
1
What is the units digit of (-416)/(-9) + 20/(-90)?
6
Let x(b) = -b + 5. Let c be x(3). Suppose -c*m + 7 = -m. What is the units digit of m?
7
Suppose -n = 2*g, -4*g + 2*n + 2*n = 24. Let u = -5 - g. What is the units digit of 1/u + (-21)/(-9)?
2
Let w(g) = g**2 + 3*g - 2. Let m be w(-4). Suppose -m = -a - 1. What is the units digit of a?
1
Let k be (-3 + 1 + 3)*8. Let h(j) = -j**3 + 7*j**2 + 11*j - 10. What is the tens digit of h(k)?
1
Let t(f) = f**2 - f - 3. Suppose -3*g - 5*h = -5 + 39, 3*h + 9 = 2*g. What is the units digit of t(g)?
9
Let m = -279 - -562. What is the tens digit of m?
8
Let t(q) = 2*q - 8. Let o be t(6). Suppose 2*h + 6 = 0, -5*h - 8 - 3 = -o*c. Let m = 5 + c. What is the units digit of m?
4
Let w(n) = 2*n**2 - 2*n - 2. Let f be w(2). Suppose v = 3*v - f. What is the units digit of v?
1
Let y be ((-9)/12)/(2/(-32)). Suppose 0*z + y = 2*z. What is the units digit of z?
6
Let g = 5 + -3. Suppose -3*x - 5*l + 25 = -x, g*x - 13 = -l. Let v(a) = a**3 - 4*a**2 - 3*a - 5. What is the units digit of v(x)?
5
Let i be 7 + 0 - (0 + 3). Suppose o + 4*x - 1 = -2, -i*x = 16. What is the tens digit of o?
1
Suppose 3*f - 137 = k, 29 = 5*k + 9. What is the tens digit of f?
4
Let d(u) = -u**3 + 12*u**2 - 10*u - 2. What is the units digit of d(11)?
9
What is the tens digit of 78/(-36) + 2 + 253/6?
4
Let v be (12/(-2))/(2 - 4). Suppose 12 = v*y - 51. What is the units digit of y?
1
Let x(v) be the second derivative of v**5/20 - v**4/6 - 2*v**3/3 + 5*v**2/2 - 3*v. What is the units digit of x(4)?
1
Let g = 27 - 7. Let a = -3 + g. Suppose 5 - a = -2*r. What is the units digit of r?
6
Let v(k) = 4*k**2 - 2*k + 1. Let a be v(1). Let n(u) = -a*u + 5*u + u. What is the tens digit of n(6)?
1
Let l(v) be the second derivative of v**4/12 + v**3 - 4*v**2 + 2*v. What is the units digit of l(-9)?
9
Let o = -11 + 16. Suppose -o*d + 2*d + 15 = 0, d + 10 = 3*h. What is the units digit of h?
5
Let s be (9/5)/((-21)/(-175)). What is the tens digit of 142/6 + (-10)/s?
2
Let c(r) be the first derivative of r**2/2 + 4*r + 2. Let y be c(-3). What is the units digit of -1 + y + (10 - 2)?
8
Let q(m) = m**3. Let d(k) = -2*k**3 - 3*k**2 + 3*k + 2. Let p(h) = -d(h) - q(h). Let s be p(-4). What is the units digit of ((-2)/4)/(1/s)?
3
Let n(d) = d**2 - 5*d + 6. Suppose 5*r + 38 = 4*m + 12, -r = 4*m + 10. Let o be (-4)/r + (-30)/(-9). What is the units digit of n(o)?
2
Let x(u) be the third derivative of u**6/120 + u**5/15 - 5*u**4/24 + u**3 + u**2. What is the units digit of x(-5)?
6
Suppose 4*v = -2*j - 92, 3*v + j + j = -68. Let q = -7 - v. Suppose 3*d = -t + 19, 0 = -3*d + q - 5. What is the units digit of t?
7
Let j be -3 + -12*4/(-6). Suppose -j*l + 39 + 16 = 0. What is the tens digit of l?
1
Suppose -3 - 12 = -3*w, w + 305 = 5*m. What is the units digit of m?
2
What is the units digit of (4/6)/(16/1416)?
9
Suppose -f + 3 = -0*f, 3*z - 4*f + 42 = 0. Let n = z + 14. Suppose 0 = -n*m + 4. What is the units digit of m?
1
Suppose 3*c - 2*c = 4. Suppose 2*k + 1 = -s, c*k + 5*s - 1 = -6. Suppose -3*v + 9 = k, f - 3*f + 20 = 4*v. What is the units digit of f?
4
What is the tens digit of -1*(-3)/(-6)*-120?
6
Let z(w) = 3*w**2 - 5*w - 3. Let c be z(5). Let y = c + -32. What is the units digit of y?
5
Suppose -3*u + 5 = -4. Let c = -2 + u. What is the units digit of c?
1
Suppose 0 = 5*t - 5*y - 170, -5*t - 3*y + 6*y = -160. Let l be 0 + (-4 - (-3 + 2)). What is the units digit of 10/(-15) - t/l?
9
Let r(m) = -m**3 - 7*m**2 + 9*m + 10. Let d be r(-8). What is the units digit of (-52)/(-8) + 1/d?
7
Let l(v) = v**3 - 10*v**2 + 9*v + 5. Let x be l(9). Suppose -2*y = x*n, -2*n + 4*y = -y. What is the tens digit of (-1 - 21)/(-2 - n)?
1
What is the tens digit of 17/(-7)*(12 - 6)*-7?
0
Suppose 315 = 3*v - 3*y, 4*y - 38 = v - 134. What is the units digit of v?
8
Let i be (-76)/8 + 2/4. Let p be (-2)/i - 168/27. What is the units digit of (-10)/2*6/p?
5
Let i be 6/2 + 3 + -2. Let b(h) = 3 - i - 1 + 2*h - 4. What is the units digit of b(8)?
0
Suppose -239 + 43 = -4*q. Suppose 4*u - r + 6 = 53, r = -4*u + q. What is the units digit of u?
2
What is the units digit of 6/8 - (-5 + (-1113)/4)?
4
Let v(d) = -2*d**3 + d**2 - 5*d + 2. What is the tens digit of v(-3)